) + 5.
-22
(57 - (-65 - -119)) + 13
16
Calculate 9 - (-10 + (-12 + 131 - (-7 + -7 + 2))).
-112
Evaluate (3 - (-1 + 0) - (1813 - 1906)) + (-2 - -2).
97
13 - (37 - (12 - 16 - -19))
-9
What is 2 + (2 - (4 - -7)) + 12 + 4 + -15?
-6
What is the value of -22 - (42 + -13 + (-12 - -7))?
-46
What is the value of -13 + (-81 + 149 - -7)?
62
What is the value of -6 + (-64 - 20 - (2 - -1)) - (10 + -23)?
-80
What is the value of 29 + -47 + 12 - (-8 + 1)?
1
What is 611 + -707 - (-44 + -2)?
-50
Evaluate -36 + 97 + -55 - -31.
37
What is -97 + -36 + 93 + -48?
-88
Calculate 47 + (33 - 72) + -28.
-20
What is 1 - -11 - ((-36 - 175) + 338)?
-115
Evaluate (-11 - -11) + (15 - 41) + -14.
-40
Evaluate -207 + 79 - (-75 - -10).
-63
Calculate (-12 - -4) + -1 + 8 + 12 - 128.
-117
-11 + -15 + (14 - (16 + -18)) - 46
-56
Evaluate (-131 - -13) + 58 - -20.
-40
What is the value of (178 - 177) + 0 + 16 - -21?
38
Evaluate 437 - 389 - (3 - (-22 + 1)).
24
366 + -373 + -7 + 0 + 2
-12
Calculate -19 + 46 + -35 + -28.
-36
What is -2 - 3 - (3 + -8) - (28 - (-11 - 53))?
-92
Calculate -75 - ((-79 - -174) + -165).
-5
Calculate (-38 - -1) + 35 + -29 + -11 - (-9 - 2).
-31
16 + (-2 - 13) + -3 + (-3 - 3 - 37)
-45
What is the value of 69 - (-41 + 34 - (9 - 34))?
51
Evaluate 9 + -10 + -28 + 3.
-26
Evaluate -49 + -26 + 164 - 45.
44
-29 + ((26 - -1) + -399 + 389 - 20)
-32
What is (34 - (17 + -1)) + -2?
16
What is 59 + -1 + -20 - -3 - (-6 - (5 + 1))?
53
What is the value of -28 + (-13 - (-26 + (-4 - -3)))?
-14
Calculate 2 + -1 + -2 + 10 - (20 + -11 + -43).
43
What is -21 - ((-57 - -110) + -35)?
-39
What is (-14 - ((-6 - (4 + -13)) + -12)) + 50?
45
Evaluate -25 - (-22 + 11) - (-1 + 23).
-36
Evaluate (-1 - -2 - -10) + (-59 - -25).
-23
Evaluate -360 + 350 + (2 + -3 - -6) - 13.
-18
(0 - -2 - 0) + 5 - (26821 + -26682)
-132
What is -19 + (21 - 25) + 36?
13
What is 411 - 407 - (1 + -1 + (-3 - (3 - 5)))?
5
What is -32 - (40 + -53 + 19 + -29)?
-9
What is -14 + 3 + (91 - (90 - 17))?
7
(-1 - -3) + 26 + -26 + (-15 - -20) + 18
25
(-3 - (10 - (14 - 5))) + -58 + 23
-39
What is the value of (3 - (-1 + 7)) + (1 - -18) + (-5471 - -5337)?
-118
Evaluate (7 - (-65 + 9)) + 12 + -42.
33
Calculate (-3 - (-6 + -11 + -10 + 29)) + -25.
-30
What is -1 - (-143 - (-1 + 25 + -1 - 21))?
144
Evaluate 15 - (22 - 6) - (6 + -9 + -48).
50
Calculate (12 - 26) + 117 + (106 - 132).
77
Evaluate (-73 - (-7 + -2)) + 112.
48
Evaluate 17 - 32 - (22 + -29) - 15.
-23
Evaluate (-51 - -15) + -22 - -8.
-50
Evaluate 45 + 1 - (106 + -45 - 39 - (32 - 1)).
55
-74 + 1 + 18953 + -18844
36
Calculate 19 + -28 - (4 + -1 + 40 + -51).
-1
What is the value of 35 - 12 - 7 - -6 - 1?
21
What is -4 + -9 + 32 + 25?
44
Calculate 38 + 12 - (115 - 59).
-6
What is the value of 19 + 8 - (-139 - -160)?
6
Evaluate 63 + -41 + 19 - 44.
-3
Evaluate -10 + 23 + (13 - (11 - (-3 - -1))).
13
Calculate 289 + -295 - ((19 + -8 - (-2 - 1)) + -2).
-18
What is the value of -61 + 7 - (55 - 22 - 44)?
-43
(-1 - -1) + -33 + 1 + 20 + 19 + -19
-12
Calculate -36 + (1 + -7 + 4 - (3 - -11)).
-52
Evaluate (-21 - (-2 - -2 - -5 - 7)) + 11 + 1.
-7
-158 + -40 + 86 + 27
-85
(27 - -2 - (-224 - -271)) + -13
-31
Calculate 108 - (168 - 25) - ((2 - -1) + 0).
-38
What is the value of -52 - (-5 + 4 + (-5 - -12)) - -2?
-56
(-10 + 2 - 0) + (-787 - -804)
9
-9 - (-21 + 10 - (48 - 5 - -7))
52
57 + (-37 + 96 - 13 - 14)
89
-1120 - -1127 - (93 + 1 + -6 + (8 - -2))
-91
What is the value of -3 + -13 - (40 - (-1 + 11)) - 7?
-53
Calculate 171 + -160 + 38 + -49.
0
Calculate (12 + -67 - -21) + 21 + (-1 - 1) + -1.
-16
What is the value of 3 + 88 - (5 - (-25 + 11))?
72
-34 + (0 + 15 + (-15 - -5) - (16 - 12))
-33
What is the value of -53 + 10 + (15 + -20 - (-9 + -4)) + -11?
-46
Evaluate (-26 + 26 - 19) + -16 + -8.
-43
What is the value of -9 + 1 + (21 + -39 - -13) + 4?
-9
What is 11 - (-5 + -53) - 53?
16
Evaluate -21 + (10 - (22 - (20 + -16))) + 1.
-28
Calculate 1 + (-8 - (-19 - (-55 + -11))).
-54
Calculate (3 - -49 - (-20 - -29 - 16)) + 12.
71
What is the value of 5 + 13 + -59 + 35?
-6
29 - (69 + -112 + 71)
1
What is the value of 20 - (-30 - (16 + (0 - 24)))?
42
Calculate 21 + -7 + 1 + 38 + (-23 - 13).
17
What is the value of (-95 - -51) + -50 + 136?
42
Evaluate -52 - (4 - -8 - (-3 - -37)).
-30
Calculate 17 + (-74 - -44 - (-7 - 81)).
75
Calculate (-20 + 9 - -10) + (2 - -1) + -6 + -56.
-60
What is 1 + 2 + (54 - 61) + -48 + -4?
-56
What is 4 + 0 - 8 - (-79 + -1 + 24 + -12)?
64
What is the value of (-4 - 2) + (-18 - (-12 + -70 + 14))?
44
What is the value of 0 + -3 + (-1 - -39 - (-392 - -397))?
30
Calculate -25 + 16 + 5 + -1 - (24 + -46 + 96).
-79
What is -107 + (142 - 148) - -126?
13
Calculate 164 + -175 - (2 + -10 - -2 - 61).
56
Evaluate (-2 - 9) + (-9 - (-13 - -7) - 6).
-20
Evaluate 13 - 2 - (1133 - 1088) - -8.
-26
What is the value of (-10 + -12 + 39 - (-9 - 0)) + (-7 - 0)?
19
Evaluate 25 + (13 - (19 - -13)) + -18.
-12
What is the value of 16 - (-9 + -22 + 9 - -16)?
22
Calculate 20 - (14 + -18 - -17 - -81) - (-1 - 13).
-60
What is the value of 88 - (4 - 16 - (-2 - (-1 + -4)) - -11)?
92
Calculate -138 + 142 + 42 + -3 + -92.
-49
What is (-14 - ((2 - -13 - 36) + -1)) + 3?
11
(-6 - (-2 + 1)) + 1 - (77 + (-17 - 63))
-1
What is the value of 92 + (-132 - -57) - (-2 - -16)?
3
Calculate -29 + 1 + 9 + 382 + -323.
40
Calculate 76 + -47 - (29 - 52).
52
122 + -85 + (-40 - 1) - (71 + -2)
-73
Calculate 8 + (51 - (-190 - -187 - (-12 + 0))).
50
What is 26 + -20 + -2 - (-8 + 11)?
1
What is -725 + 727 + 3 + (2 - -1 - 43)?
-35
(-2 + 3 - 63) + -114 + 130 + 2
-44
What is (-1 - 69) + (-32 + -23 - -91 - 37)?
-71
What is the value of 20 - (38 - 18 - 27)?
27
What is the value of (0 - -9 - (90 + -88)) + -7 - 36?
-36
0 + 5 - (-19 + (14 - 8) + (6 - 2))
14
(-14 + (-116 - 5) - -12) + 1 + -11 + 8
-125
What is (-4 + 30 - (34 - 14)) + 0?
6
Calculate 185 - (-26 + -26 - -149).
88
Evaluate 15 - (248 + -241 + -29 + -2).
39
Calculate 5 + 18 + 19 + -9 + -1.
32
What is the value of 4 + (73 - (9 - 18 - (14 - 34)))?
66
Calculate -1 - (5 + -1 + -9 + 5 + 2 - 35).
32
Calculate (44 - (64 - 9) - (-2 - 2 - 14)) + -4.
3
Calculate (3 + 30 - (18 - (-6 + -11 - -47))) + -7.
38
Calculate -11 + 61 + (311 - 285).
76
Calculate 51 + -3 + -2 + -6 + -1233 + 1221.
28
9 + (-28 + -29 + 43 - -7) + (43 - 1)
44
Evaluate -1 + (14 - (-7 + 2) - 0).
18
Calculate 32 - 0 - (-13 + (0 + 4 - 8 - -15)).
34
What is the value of -1 - -25 - (13 + (-14 - -18) - (-42 - -64))?
29
Calculate -169 + 163 - (-23 + 1).
16
What is the value of -17 - (-13 + (70 - (1 + (-8 - 9))))?
-90
(1 - 31) + (-47 - 2 - (-956 - -928))
-51
Calculate (-27 - (-35 - 14)) + (-3 - 0 - (-12 - 0)).
31
What is the value of 255 + 22 - (463 + -329)?
143
Calculate -7 + (-1 - 0) + (-343 - -318).
-33
What is the value of 22 - (27 + 4 + 13 + 26 + -55)?
7
(24 - 12 - 23) + 0 + 13 - 71
-69
What is the value of 4 - 3 - 5 - -9 - ((-1 - 31) + 10)?
27
Calculate 0 - -20 - (41 - (-26 + 20)).
-27
Evaluate (8 - (9 + 12 + -13)) + -6 + -10.
-16
What is the value of 25 - 17 - (104 - 88)?
-8
What is 55 + 75 - 73 - -64?
121
What is the value of -2 + 15 + (21 - ((-16 - -6) + 157))?
-113
What is (20 - (-11 - -15)) + (-10 + 10 - (-2 - -2))?
16
What is 25 + 4 + 58 + -47 + -30?
10
17 + (12 - (10 + -17 + -7 + 31))
12
Evaluate -11 - -2 - (15 + 4 - (38 - 5 - -1)).
6
What is the value of 5519 + -5532 + (0 - 37)?
-50
Calculate 15 - (-143 + 6) - (193 - 180).
139
What is the value of 22 - ((10 - -58) + -6)?
-40
Calculate 70 + -117 + (-4 - -31) + -6.
-26
What is 2 - (2 - 1 - 3) - (-34 - (-23 + -152))?
-137
What is -72 + (-7 - 54) + 151?
18
What is the value of (-32 - 6 - -12) + 45 - -2?
21
-26 + 17 + 38 + -67
-38
Evaluate -9 + 6 + 9 + (33 + -27 - 77).
-65
Evaluate (2 - ((-7 - 4) + 5)) + (-103 - -96).
1
What is -37 - (-6 + -56) - (-3 + -8)?
36
Calculate 79 + (-50 - 18) - (0 - 28).
39
What is the value of -8 + 11 + -7 + -5 + (-38 - 0)?
-47
Evaluate 0 + -178 - (-998 - -933).
-113
Evaluate -16 + 10 - (-24 + (91 - 41)).
-32
What is the value of 84 + -275 + (-117 - -168)?
-140
Evaluate (-12 - -40) + -10 - (12 + -38 + 7).
37
Evaluate -8 + 5 + 20 + (-23 - (30 - 18)).
-18
What is the value of 0 - (62 + 2 - (-7 + 6 + -13 + 9))?
-69
What is 2 + 7 + -111 + (1 - (-16 + 16) - -1)?
-100
Calculate -2 + 3 - (79 + (16 - 57 - (7 + -27))).
-57
What is the value of 38 + -12 + 2 + -4